 = -u - w, -5*w - 20 = 0. Let i = u - -66. Let l = i + 30. What is y(l)?
6
Let a(v) = 9*v - 112. Let y(c) = -2*c**3 + 100*c**2 - 115*c + 853. Let s be y(49). What is a(s)?
68
Suppose 3*t + 270 + 176 = 4*m, m - 3*t = 116. Let q = -105 + m. Suppose y - 13 - 1 = -3*s, q*y = -s + 42. Let a(n) = n**3 - 9*n**2 + 11*n - 2. Calculate a(y).
22
Let g be -3*(-16)/(-4)*(-6)/(-8). Let r(m) = m**3 + 10*m**2 + 10*m - 4. Calculate r(g).
-13
Let z(o) be the second derivative of 5*o**3/6 - 5*o**2 - 4231*o. Let l be 94/14 - (-10)/35. What is z(l)?
25
Let x(t) be the first derivative of t**3/2 - t**2 + 52*t + 37. Let n(c) be the first derivative of x(c). Determine n(3).
7
Let g be (28/16)/(-2 - (-51)/24). Suppose d + 9*z - g*z = 11, -3*z - 17 = 2*d. Let m(b) = -4*b - 2. Calculate m(d).
14
Suppose -4*g + 19 = -5*t, 0*t + t + 2*g = -15. Let z(s) = s**2 + 14. Let p(x) = -3*x**2 + 2*x - 54. Let q(m) = -2*p(m) - 7*z(m). Determine q(t).
-11
Let i(d) = 51 + 7*d**2 - 44*d + d**3 + 17*d**2 - 3*d**2. Let t be i(-23). Let p(q) = -2 + 6*q**2 + 0 - 4*q - q**3 + 0. What is p(t)?
3
Let t(z) be the second derivative of z**5/20 + 2*z**4/3 + 4*z**3/3 - 16*z**2 + 3*z + 25. Calculate t(-6).
-8
Let z = -1254 + 1257. Let n(m) be the third derivative of -1/24*m**4 - 2*m**z - 25*m**2 + 0*m + 0. Calculate n(0).
-12
Suppose n + 22*n - 46 = 0. Let j(s) = n*s - 105 + 99 - s. What is j(4)?
-2
Let c(k) = -726*k + 5290 - 5276 + 726*k - k**2 - k**2. Give c(0).
14
Suppose -k = -16*b + 59, 0 = -2*b + k + 15 - 12. Let v(w) = -3*w**2 - 6*w + 73. Calculate v(b).
1
Let t(x) be the second derivative of x**4/12 - x**3/6 + 127*x**2/2 - 2*x - 34. Let f(m) be the first derivative of t(m). Give f(8).
15
Let a(m) = 2*m - 7. Let f(n) = -n + 4. Let o(i) = 6*a(i) + 11*f(i). Let j be 700/119 - 10/(-85). Calculate o(j).
8
Let w(x) be the third derivative of -x**6/120 - 3*x**5/10 + 17*x**4/24 - 31*x**3/6 + 78*x**2 + 21*x. What is w(-19)?
7
Suppose -257*f - 167 = -167. Let v(o) = -3*o + 11. Let k(q) = -q + 6. Let p(m) = 5*k(m) - 2*v(m). Give p(f).
8
Let n(w) = 89*w - 23. Let i(b) = -59*b + 22. Let a(g) = -3*i(g) - 2*n(g). Calculate a(-5).
-15
Let s(p) = -p**3 - 5*p**2 - 5*p + 1. Let f be s(-4). Suppose 0*t - f*t + 17 = -4*n, 0 = -5*n + t + 5. Let i(b) = 6 - b - 7 + n*b. Give i(3).
2
Let c(v) = 16 - 5 - 2*v + 2. Let o = 161 + -151. Calculate c(o).
-7
Let h(q) be the first derivative of q**3/3 - 17*q + 3. Let m be 0/(110/(-10)) - (-8 + 3). Determine h(m).
8
Let b(y) be the first derivative of -17*y**2 - 37*y - 72 + 37*y**2 + 9 - 17*y**2. Determine b(7).
5
Let k(m) be the second derivative of -m**3/2 - 23*m**2/2 - 354*m. What is k(-11)?
10
Let d(k) = k**3 - k**2 + k + 2. Suppose 0 = -15*z - 224 - 1. Let x be (-12)/8 - z/10. Determine d(x).
2
Let u(i) = i**3 - i**2 + 2*i - 6. Let x be 2/(-7) + 2700/42 - 1. Suppose 0 = 64*l - x*l. Calculate u(l).
-6
Suppose -61*z - 332 = -332. Let x(a) = 3*a**2 + 4*a + 7 - 5*a - 2*a**2. Calculate x(z).
7
Let c(t) be the first derivative of -9*t**2 + 311. Let h = -5 + 4. What is c(h)?
18
Let x(z) = -8*z - 20308 + z**3 + 20306 - 12*z**2 + 20*z**2. What is x(-8)?
62
Let w(a) = -6*a + 174. Let v be w(14). Let b be 203/(-70) - 9/v. Let g(l) = l**3 + 2*l**2 + 2*l - 3. Calculate g(b).
-18
Let v(t) = -2*t + 7. Let l(k) = -2*k + 21. Let c be l(-11). Suppose -38*s - 540 = -c*s. Let g be (s/60)/((-6)/(-20)). Give v(g).
-5
Suppose a + 2*l = -l + 15, 3*a + 5*l - 29 = 0. Suppose -3*z = k - 1, -4*k + 4*z = -a*k - 29. Let p(i) = -i + 14. Give p(k).
1
Let l(v) = 13 + 19*v + 5*v - 68*v - v**2 + 30*v. Calculate l(-10).
53
Let j be (0/(26 - 5))/(-2 - 1). Let h(w) = -w**2 - w. Calculate h(j).
0
Let t(v) be the second derivative of v**6/360 + v**5/40 - v**4/4 + 5*v**3/6 + 4*v**2 + 58*v. Let f(a) be the second derivative of t(a). What is f(-5)?
4
Let a be (-4)/(-5) - 4154/(-670). Let w(p) = -p**3 + 8*p**2 - 12*p + 19. What is w(a)?
-16
Let x = -25 + 10. Let o = -22 - x. Let t(w) = w**3 + 8*w**2 + 8*w + 10. Let k be t(o). Let g(a) = -a**3 + 3*a**2 - a - 2. Calculate g(k).
-5
Let h = 47 + -48. Let k(d) be the first derivative of -d**5/15 + 16*d**3/3 - 29. Let q(c) be the third derivative of k(c). Give q(h).
8
Let o(x) = -18*x + 54 + 19 + 7*x + 5*x + 9*x. What is o(-9)?
46
Let j(k) = 224 - 40 - 181 - 12*k**2. Calculate j(2).
-45
Let j(k) = -24206 + 24169 + 0*k - 2*k. Give j(0).
-37
Let c = -2260 + 2264. Let u(g) = -11*g + 9. What is u(c)?
-35
Let v(q) be the second derivative of -q**3/6 + 3*q**2 + q. Suppose 192*p - 193*p - u - 16 = 0, -2*p + 24 = -5*u. Determine v(p).
14
Let a(p) be the second derivative of -p**6/180 - p**4/12 + 12*p**2 - 31*p. Let l(v) be the third derivative of a(v). Calculate l(4).
-16
Let x(f) = -3*f**3 - 2*f**2. Let z(l) = 11*l**3 - l**2 + 14*l + 7. Let r(p) = 4*x(p) + z(p). Give r(-10).
-33
Suppose 25 + 7 = 5*j + 4*b, -j + 19 = 5*b. Let x(i) = i - 1. Let u(g) = 3*g - 28. Let v(c) = u(c) + 6*x(c). Let f be v(j). Let r(n) = 5*n - 2. What is r(f)?
8
Let i(k) = -62*k**2 - 2*k + 2. Suppose 5*x + 7 = 2*u, -27*x - 5*u = -26*x - 31. Determine i(x).
-62
Let k(s) = -12*s**2. Let q = 5923 - 5922. What is k(q)?
-12
Let r(k) = 81*k**2 + 114*k + 163. Let l(j) = 14*j**2 + 19*j + 27. Let s(w) = 23*l(w) - 4*r(w). Determine s(-8).
-7
Let s(z) = 2203*z - 736*z - 735*z - 4 - 727*z. Calculate s(6).
26
Let p(x) = -4*x + 32. Suppose 2*r - 8 = 4*l, 70*r - 72*r + 53 = 5*l. Determine p(r).
-24
Let q(h) = 95*h - 57. Let g(z) = 205*z - 114. Let o(u) = -6*g(u) + 13*q(u). Determine o(14).
13
Let k = 14 - 22. Let g(l) = -8 - 19601*l - l**3 + 0*l**2 - l**2 + 9814*l + 9793*l - 6*l**2 - 3. What is g(k)?
5
Suppose 12 = -78*z + 81*z. Let n(m) = 17 + 3*m**2 + z + 17 + m**3 - 26 + 9*m**2. Calculate n(-12).
12
Let f(g) be the third derivative of -g**4/24 - 31*g**3/6 + 105*g**2. Let j be (-42)/(-18) + (-35)/15. Give f(j).
-31
Let a(j) = -66*j**3 - j**2 + 17*j + 16. Let z(h) = -85*h**3 - h**2 + 17*h + 15. Let s(l) = 4*a(l) - 3*z(l). Determine s(-1).
10
Let q(y) = 3*y + 7. Let a(t) = -3*t + 7. Let d be a(2). Let r(x) = -1 + d - 3*x - 2 + 2*x. Let f(z) = -6*q(z) - 21*r(z). Calculate f(2).
6
Let a(s) = s**2 + 12*s + 10. Suppose -85*h + 76*h + 234 = 0. Suppose 6*k + 3*v + 48 = 0, 4*k + h = -v - 4*v. What is a(k)?
-17
Let b(n) = 8*n - 46. Let c(s) = s**3 - 48*s**2 + 255*s - 119. Let t be c(42). Calculate b(t).
10
Let s(n) = -3 + 5 - 3*n**2 - n - 3. Let r be (-60)/(-24)*(-522)/(-5). Let l = -262 + r. What is s(l)?
-3
Suppose c + 3 = 1. Let g(d) be the first derivative of -3 - 3*d + 1/3*d**3 - d**2. What is g(c)?
5
Let b = -4 + 17. Suppose 0 = -b*f + 17*f - 32. Suppose f*c - 4 + 28 = 0. Let v(a) = -a + 1. What is v(c)?
4
Let t(n) = -n**2 + 8*n - 4. Let z(i) = -i**2 + 37*i + 122. Let k be z(39). Suppose 12*g - k = 64. Determine t(g).
-13
Let f = -215 + 217. Let m(s) = 7*s + 6*s + 2*s + f - 4*s. Determine m(-3).
-31
Let m(b) = -3*b**2 - 6*b - 3. Let q be m(-2). Let v(l) = l**3 - 7*l + 7. Let a be v(q). Let f(n) = 10*n - 1. Determine f(a).
9
Let j(x) = x**2 + 4*x - 1. Let p(r) = 2*r**2 + 5 + 3 - 3*r - 4*r - r**2. Suppose -2*h + 134 = 126. Let v be p(h). Give j(v).
-1
Let m(b) = -10*b + 5. Let t(c) = -3*c + 1. Let h = -957 - -956. Let r(q) = h*m(q) + 3*t(q). Calculate r(-6).
-8
Let q be -4*(-50)/80*2. Let w(c) = 3*c**2 - 17*c + 16. Calculate w(q).
6
Let a(y) = -y**3 + 10*y**2 - 8*y - 3. Let t(g) = 5*g + 4. Suppose 5*v + 93 - 98 = 0. Let f be t(v). Calculate a(f).
6
Let c(t) = -236*t + 56 + 194*t + 58*t. What is c(-9)?
-88
Let q(l) = -3*l - 10. Let n = -441 - -41. Let v = n + 389. Give q(v).
23
Let n(m) = 6*m - 2. Let y be n(1). Let d(f) = -y*f**2 + 197*f**3 + 197*f**3 + 6*f - 395*f**3 - 3. Calculate d(-5).
-8
Let o(q) = -2*q**2 + 20*q + 23. Let u be o(16). Let l = u - -176. Let t(s) = s**3 - 6*s**2 - 4*s - 10. Calculate t(l).
11
Let b(n) = -2950*n**3 + 0*n**2 + 1 + 5899*n**3 - 22*n + n**2 - 2950*n**3. Determine b(0).
1
Let f(k) be the first derivative of 2*k**6/45 - k**4/24 - 4*k**3/3 + 16*k + 89. Let p(v) be the third derivative of f(v). Determine p(-1).
15
Let z be ((-36)/(-72) + 15/(-6))*-11. Let q(c) = -5*c**3 + 19*c**2 - 24*c + 51. Let f(r) = r**3 + r**2 - 1. Let h(g) = 4*f(g) + q(g). Determine h(z).
3
Let r(l) = -9 + 22871*l**2 - l**3 - 2 - 22862*l**2 - 10*l. Determine r(8).
-27
Let h be ((-1)/(-2))/((-132)/(-16) - 8). Let y(i)